{"id":1090,"date":"2022-09-14T06:14:53","date_gmt":"2022-09-14T06:14:53","guid":{"rendered":"http:\/\/new.szpitalplonsk.pl\/?page_id=1090"},"modified":"2022-09-16T06:45:14","modified_gmt":"2022-09-16T06:45:14","slug":"gleboka-modernizacja","status":"publish","type":"page","link":"http:\/\/new.szpitalplonsk.pl\/index.php\/gleboka-modernizacja\/","title":{"rendered":"G\u0142\u0119boka modernizacja"},"content":{"rendered":"\n<figure class=\"wp-block-image size-full\"><img loading=\"lazy\" decoding=\"async\" width=\"1024\" height=\"96\" src=\"http:\/\/new.szpitalplonsk.pl\/wp-content\/uploads\/2022\/09\/Screenshot-2022-09-13-at-11-05-49-Projekt-COVID.png\" alt=\"\" class=\"wp-image-980\" srcset=\"http:\/\/new.szpitalplonsk.pl\/wp-content\/uploads\/2022\/09\/Screenshot-2022-09-13-at-11-05-49-Projekt-COVID.png 1024w, http:\/\/new.szpitalplonsk.pl\/wp-content\/uploads\/2022\/09\/Screenshot-2022-09-13-at-11-05-49-Projekt-COVID-300x28.png 300w, http:\/\/new.szpitalplonsk.pl\/wp-content\/uploads\/2022\/09\/Screenshot-2022-09-13-at-11-05-49-Projekt-COVID-768x72.png 768w\" sizes=\"auto, (max-width: 1024px) 100vw, 1024px\" \/><\/figure>\n\n\n\n<p>Samodzielny Publiczny Zesp\u00f3\u0142 Zak\u0142ad\u00f3w Opieki Zdrowotnej im. Marsza\u0142ka J\u00f3zefa Pi\u0142sudskiego<br>w P\u0142o\u0144sku realizuje inwestycje, kt\u00f3rej przedmiotem jest rozbudowa i przebudowa istniej\u0105cego budynku \u201eE\u201d szpitala w P\u0142o\u0144sku w ramach projektu \u201eG\u0142\u0119boka modernizacja energetyczna budynku Szpitala w P\u0142o\u0144sku\u201d.<\/p>\n\n\n\n<p>Obecnie realizowany jest zakres podstawowy inwestycji obejmuj\u0105cy m.in.:<\/p>\n\n\n\n<ul class=\"wp-block-list\"><li>wymian\u0119 zewn\u0119trznej stolarki okiennej i drzwiowej,<\/li><li>docieplenie elewacji,<\/li><li>budow\u0119 konstrukcji wsporczej pod panele fotowoltaiczne,<\/li><li>termomodernizacj\u0119 dachu<\/li><li>wykonanie instalacji fotowoltaicznej.<\/li><\/ul>\n\n\n\n<p>Warto\u015b\u0107 prac zaplanowanych do realizacji w ramach zakresu podstawowego wynosi 11&nbsp;316&nbsp;000,00 z\u0142, w tym <strong>3&nbsp;463&nbsp;564,23 z\u0142 stanowi\u0105 \u015brodki unijne.<\/strong><\/p>\n\n\n\n<p>Przewiduje si\u0119, w ramach prawa opcji, realizacj\u0119 rob\u00f3t budowlanych obejmuj\u0105cych m.in.:<\/p>\n\n\n\n<ul class=\"wp-block-list\"><li>przebudow\u0119 \u015bcian dzia\u0142owych,<\/li><li>wykonanie ok\u0142adzin \u015bciennych i pod\u0142ogowych,<\/li><li>bia\u0142y monta\u017c,<\/li><li>roboty wyko\u0144czeniowe,<\/li><li>przebudow\u0119 oraz wyposa\u017cenie kuchni szpitalnej.<\/li><\/ul>\n\n\n\n<p>Realizacja projektu w ramach prawa opcji uzale\u017cniona jest od mo\u017cliwo\u015bci pozyskania przez SPZZOZ w P\u0142o\u0144sku \u015brodk\u00f3w finansowych. Warto\u015b\u0107 zaplanowanych rob\u00f3t w ramach prawa opcji wynosi 12&nbsp;258&nbsp;000 z\u0142.<\/p>\n\n\n\n<p><strong>\u0141\u0105cznie inwestycja poch\u0142onie 23&nbsp;574&nbsp;000,00 z\u0142. Planowany termin uko\u0144czenia prac to pa\u017adziernik 2023 r.<\/strong><\/p>\n\n\n\n<div class=\"wp-block-buttons is-horizontal is-content-justification-right is-layout-flex wp-container-core-buttons-is-layout-ae2fe186 wp-block-buttons-is-layout-flex\">\n<div class=\"wp-block-button has-custom-width wp-block-button__width-100 is-style-primary\"><a class=\"wp-block-button__link\" href=\"http:\/\/new.szpitalplonsk.pl\/\">Wr\u00f3\u0107<\/a><\/div>\n<\/div>\n\n\n\n<div style=\"height:100px\" aria-hidden=\"true\" class=\"wp-block-spacer\"><\/div>\n","protected":false},"excerpt":{"rendered":"<p>Samodzielny Publiczny Zesp\u00f3\u0142 Zak\u0142ad\u00f3w Opieki Zdrowotnej im. Marsza\u0142ka J\u00f3zefa Pi\u0142sudskiegow P\u0142o\u0144sku realizuje inwestycje, kt\u00f3rej przedmiotem jest rozbudowa i przebudowa istniej\u0105cego budynku \u201eE\u201d szpitala w P\u0142o\u0144sku w ramach projektu \u201eG\u0142\u0119boka modernizacja energetyczna budynku Szpitala w P\u0142o\u0144sku\u201d. Obecnie realizowany jest zakres podstawowy inwestycji obejmuj\u0105cy m.in.: wymian\u0119 zewn\u0119trznej stolarki okiennej i drzwiowej, docieplenie elewacji, budow\u0119 konstrukcji wsporczej pod&hellip;&nbsp;<a href=\"http:\/\/new.szpitalplonsk.pl\/index.php\/gleboka-modernizacja\/\" class=\"\" rel=\"bookmark\">Czytaj dalej &raquo;<span class=\"screen-reader-text\">G\u0142\u0119boka modernizacja<\/span><\/a><\/p>\n","protected":false},"author":1,"featured_media":0,"parent":0,"menu_order":0,"comment_status":"closed","ping_status":"closed","template":"","meta":{"neve_meta_sidebar":"","neve_meta_container":"","neve_meta_enable_content_width":"","neve_meta_content_width":0,"neve_meta_title_alignment":"","neve_meta_author_avatar":"","neve_post_elements_order":"","neve_meta_disable_header":"","neve_meta_disable_footer":"","neve_meta_disable_title":"","footnotes":""},"class_list":["post-1090","page","type-page","status-publish","hentry"],"_links":{"self":[{"href":"http:\/\/new.szpitalplonsk.pl\/index.php\/wp-json\/wp\/v2\/pages\/1090","targetHints":{"allow":["GET"]}}],"collection":[{"href":"http:\/\/new.szpitalplonsk.pl\/index.php\/wp-json\/wp\/v2\/pages"}],"about":[{"href":"http:\/\/new.szpitalplonsk.pl\/index.php\/wp-json\/wp\/v2\/types\/page"}],"author":[{"embeddable":true,"href":"http:\/\/new.szpitalplonsk.pl\/index.php\/wp-json\/wp\/v2\/users\/1"}],"replies":[{"embeddable":true,"href":"http:\/\/new.szpitalplonsk.pl\/index.php\/wp-json\/wp\/v2\/comments?post=1090"}],"version-history":[{"count":2,"href":"http:\/\/new.szpitalplonsk.pl\/index.php\/wp-json\/wp\/v2\/pages\/1090\/revisions"}],"predecessor-version":[{"id":1573,"href":"http:\/\/new.szpitalplonsk.pl\/index.php\/wp-json\/wp\/v2\/pages\/1090\/revisions\/1573"}],"wp:attachment":[{"href":"http:\/\/new.szpitalplonsk.pl\/index.php\/wp-json\/wp\/v2\/media?parent=1090"}],"curies":[{"name":"wp","href":"https:\/\/api.w.org\/{rel}","templated":true}]}}