{"id":1421,"date":"2022-09-15T07:08:02","date_gmt":"2022-09-15T07:08:02","guid":{"rendered":"http:\/\/new.szpitalplonsk.pl\/?page_id=1421"},"modified":"2022-09-16T06:46:46","modified_gmt":"2022-09-16T06:46:46","slug":"informacja-o-wysokosci-oplat-za-uslugi","status":"publish","type":"page","link":"http:\/\/new.szpitalplonsk.pl\/index.php\/informacje-dla-pacjentow\/informacja-o-wysokosci-oplat-za-uslugi\/","title":{"rendered":"Informacja o wysoko\u015bci op\u0142at za us\u0142ugi"},"content":{"rendered":"\n<p><strong>Na podstawie ustawy z 6 listopada 2008 o prawach pacjenta i rzeczniku Praw Pacjenta art. 28 wprowadza si\u0119 Zarz\u0105dzeniem nr 11\/III\/2021 Dyrektora SPZZOZ w P\u0142o\u0144sku z dnia 19 marca 2021r.:<\/strong><\/p>\n\n\n\n<ol class=\"wp-block-list\"><li>Stawka op\u0142at za udost\u0119pnienie dokumentacji medycznej wynosi:<\/li><\/ol>\n\n\n\n<ul class=\"wp-block-list\"><li>za jedn\u0105 stron\u0119 wyci\u0105gu lub odpisu dokumentacji medycznej \u2013 10,92 z\u0142,<\/li><li>za jedn\u0105 stron\u0119 kopii dokumentacji medycznej \u2013 0,38 z\u0142,<\/li><li>za sporz\u0105dzenie wyci\u0105gu, opisu lub kopii dokumentacji medycznej na elektronicznym no\u015bniku danych \u2013 2,18 z\u0142.<\/li><\/ul>\n\n\n\n<p><strong>Na podstawie ustawy z 15 kwietnia 2011 o dzia\u0142alno\u015bci leczniczej art. 28 wprowadza si\u0119 Zarz\u0105dzenie nr 06\/VI\/2022 z dnia 17 czerwca 2022 roku \u2013 Cennik Us\u0142ug Medycznych (za\u0142\u0105cznik nr 4 do regulaminu organizacyjnego) obowi\u0105zuj\u0105cego od 01 lipca 2022r.:<\/strong><\/p>\n\n\n\n<ol class=\"wp-block-list\"><li>Cena za przechowywanie zw\u0142ok osoby zmar\u0142ej w pomieszczeniu ch\u0142odniczym powy\u017cej 72 godzin licz\u0105c od godziny w kt\u00f3rej nast\u0105pi\u0142a \u015bmier\u0107 pacjenta wynosi <strong>200,00 z\u0142.<\/strong><\/li><\/ol>\n\n\n\n<p><strong>Na podstawie Zarz\u0105dzenie nr 06\/VI\/2022 z dnia 17 czerwca 2022 roku \u2013 Cennik Us\u0142ug Medycznych (za\u0142\u0105cznik nr 4 do regulaminu organizacyjnego) obowi\u0105zuj\u0105cego od 01 lipca 2022r. wprowadza si\u0119:<\/strong><\/p>\n\n\n\n<figure class=\"wp-block-table\"><table><tbody><tr><td>1.<\/td><td>transport do miejsca w granicach administracyjnych miasta P\u0142o\u0144ska*<\/td><td>60,00\/1 godzina\/ + 4,00 \/ 1 km<\/td><\/tr><tr><td>2.<\/td><td>transport do miejsca poza granicami miasta P\u0142o\u0144ska*<\/td><td>80,00 \/1 godzina\/ + 4,00 \/ 1 km<\/td><\/tr><tr><td>3.<\/td><td>transport do pacjenta w celu pobrania materia\u0142u do badania**<\/td><td>60,00<\/td><\/tr><\/tbody><\/table><\/figure>\n\n\n\n<div class=\"wp-block-buttons is-content-justification-right is-layout-flex wp-container-core-buttons-is-layout-765c4724 wp-block-buttons-is-layout-flex\">\n<div class=\"wp-block-button has-custom-width wp-block-button__width-100 is-style-primary\"><a class=\"wp-block-button__link\" href=\"http:\/\/new.szpitalplonsk.pl\/index.php\/informacje-dla-pacjentow\/\">Wr\u00f3\u0107<\/a><\/div>\n<\/div>\n\n\n\n<div style=\"height:100px\" aria-hidden=\"true\" class=\"wp-block-spacer\"><\/div>\n","protected":false},"excerpt":{"rendered":"<p>Na podstawie ustawy z 6 listopada 2008 o prawach pacjenta i rzeczniku Praw Pacjenta art. 28 wprowadza si\u0119 Zarz\u0105dzeniem nr 11\/III\/2021 Dyrektora SPZZOZ w P\u0142o\u0144sku z dnia 19 marca 2021r.: Stawka op\u0142at za udost\u0119pnienie dokumentacji medycznej wynosi: za jedn\u0105 stron\u0119 wyci\u0105gu lub odpisu dokumentacji medycznej \u2013 10,92 z\u0142, za jedn\u0105 stron\u0119 kopii dokumentacji medycznej \u2013&hellip;&nbsp;<a href=\"http:\/\/new.szpitalplonsk.pl\/index.php\/informacje-dla-pacjentow\/informacja-o-wysokosci-oplat-za-uslugi\/\" class=\"\" rel=\"bookmark\">Czytaj dalej &raquo;<span class=\"screen-reader-text\">Informacja o wysoko\u015bci op\u0142at za us\u0142ugi<\/span><\/a><\/p>\n","protected":false},"author":1,"featured_media":0,"parent":60,"menu_order":0,"comment_status":"closed","ping_status":"closed","template":"","meta":{"neve_meta_sidebar":"","neve_meta_container":"","neve_meta_enable_content_width":"","neve_meta_content_width":0,"neve_meta_title_alignment":"","neve_meta_author_avatar":"","neve_post_elements_order":"","neve_meta_disable_header":"","neve_meta_disable_footer":"","neve_meta_disable_title":"","footnotes":""},"class_list":["post-1421","page","type-page","status-publish","hentry"],"_links":{"self":[{"href":"http:\/\/new.szpitalplonsk.pl\/index.php\/wp-json\/wp\/v2\/pages\/1421","targetHints":{"allow":["GET"]}}],"collection":[{"href":"http:\/\/new.szpitalplonsk.pl\/index.php\/wp-json\/wp\/v2\/pages"}],"about":[{"href":"http:\/\/new.szpitalplonsk.pl\/index.php\/wp-json\/wp\/v2\/types\/page"}],"author":[{"embeddable":true,"href":"http:\/\/new.szpitalplonsk.pl\/index.php\/wp-json\/wp\/v2\/users\/1"}],"replies":[{"embeddable":true,"href":"http:\/\/new.szpitalplonsk.pl\/index.php\/wp-json\/wp\/v2\/comments?post=1421"}],"version-history":[{"count":2,"href":"http:\/\/new.szpitalplonsk.pl\/index.php\/wp-json\/wp\/v2\/pages\/1421\/revisions"}],"predecessor-version":[{"id":1580,"href":"http:\/\/new.szpitalplonsk.pl\/index.php\/wp-json\/wp\/v2\/pages\/1421\/revisions\/1580"}],"up":[{"embeddable":true,"href":"http:\/\/new.szpitalplonsk.pl\/index.php\/wp-json\/wp\/v2\/pages\/60"}],"wp:attachment":[{"href":"http:\/\/new.szpitalplonsk.pl\/index.php\/wp-json\/wp\/v2\/media?parent=1421"}],"curies":[{"name":"wp","href":"https:\/\/api.w.org\/{rel}","templated":true}]}}