{"id":1804,"date":"2022-09-16T09:06:41","date_gmt":"2022-09-16T09:06:41","guid":{"rendered":"http:\/\/new.szpitalplonsk.pl\/?page_id=1804"},"modified":"2022-09-16T09:10:30","modified_gmt":"2022-09-16T09:10:30","slug":"przedmiot-dzialalnosci","status":"publish","type":"page","link":"http:\/\/new.szpitalplonsk.pl\/index.php\/bip\/przedmiot-dzialalnosci\/","title":{"rendered":"Przedmiot dzia\u0142alno\u015bci"},"content":{"rendered":"\n<p><strong>Do cel\u00f3w&nbsp; SPZZOZ im. Marsza\u0142ka J\u00f3zefa Pi\u0142sudskiego w P\u0142o\u0144sku nale\u017cy m.in.:<\/strong><\/p>\n\n\n\n<ol class=\"wp-block-list\"><li>udzielanie \u015bwiadcze\u0144 zdrowotnych na rzecz os\u00f3b obj\u0119tych powszechnym \u2013 obowi\u0105zkowym i dobrowolnym ubezpieczeniem zdrowotnym oraz pozosta\u0142ych do tego uprawnionych, a tak\u017ce na zasadach komercyjnych \u2013 osobie, kt\u00f3ra zg\u0142asza si\u0119 do SPZZOZ potrzebuj\u0105c natychmiastowego udzielenia \u015bwiadcze\u0144 zdrowotnych ze wzgl\u0119du na stan bezpo\u015bredniego zagro\u017cenia utraty zdrowia lub \u017cycia, pomoc medyczna udzielana jest niezw\u0142ocznie, a \u017cadne okoliczno\u015bci nie mog\u0105 stanowi\u0107 podstawy do odmowy udzielenia tych \u015bwiadcze\u0144,<\/li><li>realizacja profilaktycznych program\u00f3w zdrowotnych oraz program\u00f3w profilaktyki zdrowotnej zlecanych przez Ministerstwo Zdrowia i finansowanych z bud\u017cetu pa\u0144stwa lub podejmowanych i finansowanych przez Narodowy Fundusz Zdrowa, b\u0105d\u017a inne instytucje,<\/li><li>integracja zasob\u00f3w osobowych systemu ochrony zdrowia w obr\u0119bie dzia\u0142ania SPZZOZ, z uwzgl\u0119dnieniem aspektu szkoleniowo \u2013 edukacyjnego,<\/li><li>prowadzenie wydzielonej dzia\u0142alno\u015bci naukowej oraz badawczo \u2013 rozwojowej, w tym bada\u0144 klinicznych, maj\u0105cych na celu wdra\u017canie nowych technologii medycznych oraz metod leczenia,<\/li><li>organizacja wyodr\u0119bnionej dzia\u0142alno\u015bci, innej ni\u017c lecznicza, m. in. sprzeda\u017cy us\u0142ug medycznych, w tym z zakresu sterylizacji oraz transportu sanitarnego, utrzymania miejsc hotelowych dla rodzic\u00f3w dzieci hospitalizowanych, najmu lub dzier\u017cawy lokali i powierzchni b\u0119d\u0105cych w u\u017cytkowaniu SPZZOZ, udost\u0119pniania miejsc parkingowych, bufetu i innych us\u0142ug gastronomicznych, a tak\u017ce us\u0142ug w zakresie kserokopii, w tym us\u0142ug poligraficznych.<\/li><\/ol>\n\n\n\n<p><strong>Do zada\u0144&nbsp; SPZZOZ im. Marsza\u0142ka J\u00f3zefa Pi\u0142sudskiego w P\u0142o\u0144sku nale\u017cy m.in.:<\/strong><\/p>\n\n\n\n<ol class=\"wp-block-list\"><li>udzielanie \u015bwiadcze\u0144 zdrowotnych, z wykorzystaniem najlepszej wiedzy medycznej i najnowszych technik informatycznych \u2013 system\u00f3w teleinformatycznych lub system\u00f3w \u0142\u0105czno\u015bci, s\u0142u\u017c\u0105ce:<ul><li>zachowaniu, ratowaniu, przywracaniu i poprawie zdrowia poprzez odpowiedni\u0105 diagnostyk\u0119 i terapi\u0119,<\/li><li>zapobieganiu powstawania chor\u00f3b poprzez dzia\u0142ania profilaktyczne oraz szczepienia ochronne,<\/li><li>zapobieganiu niepe\u0142nosprawno\u015bci, a w konsekwencji powstawaniu uraz\u00f3w,<\/li><\/ul><\/li><li>realizacj\u0119 wy\u017cej wymienionych zada\u0144 \u2013 szczeg\u00f3\u0142owo poprzez:<ul><li>badania i porady lekarskie,<\/li><li>badania diagnostyczne,<\/li><li>leczenie \/ambulatoryjne, w domu pacjenta, szpitalne, w zak\u0142adzie opieku\u0144czo \u2013 leczniczym\/, w spos\u00f3b szczeg\u00f3lny \u2013 b\u00f3lu,<\/li><li>badania i terapi\u0119 psychiatryczn\u0105 oraz psychologiczn\u0105,<\/li><li>rehabilitacj\u0119 lecznicz\u0105,<\/li><li>\u015bwiadczenia piel\u0119gniarskie,<\/li><li>piel\u0119gnacj\u0119 pacjent\u00f3w, w spos\u00f3b szczeg\u00f3lny \u2013 niepe\u0142nosprawnych,<\/li><li>\u015bwiadczenia po\u0142o\u017cnicze, w spos\u00f3b szczeg\u00f3lny \u2013 dla kobiet w okresie ci\u0105\u017cy, porodu i po\u0142ogu, opiek\u0119 prenataln\u0105 nad p\u0142odem i po\u0142o\u017cnicz\u0105 nad noworodkiem,<\/li><li>zaopatrzenie w leki i materia\u0142y medyczne,<\/li><li>zaopatrzenie w przedmioty ortopedyczne i \u015brodki pomocnicze oraz lecznicze \u015brodki techniczne,<\/li><li>orzekanie o stanie zdrowia,<\/li><li>opiek\u0119 i piel\u0119gnacj\u0119 d\u0142ugoterminow\u0105,<\/li><li>pomoc w rozwi\u0105zywaniu problem\u00f3w spo\u0142ecznych i duchowych, a tak\u017ce socjalnych \u2013 w spos\u00f3b szczeg\u00f3lny w stosunku do pacjent\u00f3w przebywaj\u0105cych w zak\u0142adzie opieku\u0144czo \u2013 leczniczym,<\/li><\/ul><\/li><li>sta\u0142e podnoszenie poziomu jako\u015bci udzielania \u015bwiadcze\u0144 zdrowotnych poprzez:<ul><li>analiz\u0119 danych z zakresu statystyki medycznej, w tym \u2013 dotycz\u0105cych rodzaju zrealizowanych \u015bwiadcze\u0144 zdrowotnych, danych finansowych i kadrowych,<\/li><li>monitorowanie poziomu satysfakcji pacjent\u00f3w na podstawie bada\u0144 ankietowych i innych metod wykorzystywanych w tym celu,<\/li><\/ul><\/li><li>promocj\u0119 zdrowia i propagowanie zdrowego stylu \u017cycia,<\/li><li>organizowanie kszta\u0142cenia ustawicznego pracownik\u00f3w, w tym zw\u0142aszcza w\u0142asnych zasob\u00f3w osobowych, a tak\u017ce praktyk medycznych i zawodowych przy wsp\u00f3\u0142pracy z podmiotami pa\u0144stwowymi koordynuj\u0105cymi proces kszta\u0142cenia w ochronie zdrowia, instytucjami medycznymi oraz szko\u0142ami zawodowymi.<\/li><\/ol>\n\n\n\n<div class=\"wp-block-buttons is-layout-flex wp-block-buttons-is-layout-flex\">\n<div class=\"wp-block-button has-custom-width wp-block-button__width-100 is-style-primary\"><a class=\"wp-block-button__link\" href=\"http:\/\/new.szpitalplonsk.pl\/index.php\/bip\/\">Wr\u00f3\u0107<\/a><\/div>\n<\/div>\n\n\n\n<div style=\"height:100px\" aria-hidden=\"true\" class=\"wp-block-spacer\"><\/div>\n","protected":false},"excerpt":{"rendered":"<p>Do cel\u00f3w&nbsp; SPZZOZ im. Marsza\u0142ka J\u00f3zefa Pi\u0142sudskiego w P\u0142o\u0144sku nale\u017cy m.in.: udzielanie \u015bwiadcze\u0144 zdrowotnych na rzecz os\u00f3b obj\u0119tych powszechnym \u2013 obowi\u0105zkowym i dobrowolnym ubezpieczeniem zdrowotnym oraz pozosta\u0142ych do tego uprawnionych, a tak\u017ce na zasadach komercyjnych \u2013 osobie, kt\u00f3ra zg\u0142asza si\u0119 do SPZZOZ potrzebuj\u0105c natychmiastowego udzielenia \u015bwiadcze\u0144 zdrowotnych ze wzgl\u0119du na stan bezpo\u015bredniego zagro\u017cenia utraty zdrowia&hellip;&nbsp;<a href=\"http:\/\/new.szpitalplonsk.pl\/index.php\/bip\/przedmiot-dzialalnosci\/\" class=\"\" rel=\"bookmark\">Czytaj dalej &raquo;<span class=\"screen-reader-text\">Przedmiot dzia\u0142alno\u015bci<\/span><\/a><\/p>\n","protected":false},"author":1,"featured_media":0,"parent":1450,"menu_order":0,"comment_status":"closed","ping_status":"closed","template":"","meta":{"neve_meta_sidebar":"","neve_meta_container":"","neve_meta_enable_content_width":"","neve_meta_content_width":0,"neve_meta_title_alignment":"","neve_meta_author_avatar":"","neve_post_elements_order":"","neve_meta_disable_header":"","neve_meta_disable_footer":"","neve_meta_disable_title":"","footnotes":""},"class_list":["post-1804","page","type-page","status-publish","hentry"],"_links":{"self":[{"href":"http:\/\/new.szpitalplonsk.pl\/index.php\/wp-json\/wp\/v2\/pages\/1804","targetHints":{"allow":["GET"]}}],"collection":[{"href":"http:\/\/new.szpitalplonsk.pl\/index.php\/wp-json\/wp\/v2\/pages"}],"about":[{"href":"http:\/\/new.szpitalplonsk.pl\/index.php\/wp-json\/wp\/v2\/types\/page"}],"author":[{"embeddable":true,"href":"http:\/\/new.szpitalplonsk.pl\/index.php\/wp-json\/wp\/v2\/users\/1"}],"replies":[{"embeddable":true,"href":"http:\/\/new.szpitalplonsk.pl\/index.php\/wp-json\/wp\/v2\/comments?post=1804"}],"version-history":[{"count":2,"href":"http:\/\/new.szpitalplonsk.pl\/index.php\/wp-json\/wp\/v2\/pages\/1804\/revisions"}],"predecessor-version":[{"id":1811,"href":"http:\/\/new.szpitalplonsk.pl\/index.php\/wp-json\/wp\/v2\/pages\/1804\/revisions\/1811"}],"up":[{"embeddable":true,"href":"http:\/\/new.szpitalplonsk.pl\/index.php\/wp-json\/wp\/v2\/pages\/1450"}],"wp:attachment":[{"href":"http:\/\/new.szpitalplonsk.pl\/index.php\/wp-json\/wp\/v2\/media?parent=1804"}],"curies":[{"name":"wp","href":"https:\/\/api.w.org\/{rel}","templated":true}]}}