{"id":2015,"date":"2022-09-16T11:28:55","date_gmt":"2022-09-16T11:28:55","guid":{"rendered":"http:\/\/new.szpitalplonsk.pl\/?page_id=2015"},"modified":"2022-09-16T11:29:47","modified_gmt":"2022-09-16T11:29:47","slug":"zaklady-pracownie-i-inne-komorki-organizacyjne","status":"publish","type":"page","link":"http:\/\/new.szpitalplonsk.pl\/index.php\/bip\/zaklady-pracownie-i-inne-komorki-organizacyjne\/","title":{"rendered":"Zak\u0142ady, pracownie i inne kom\u00f3rki organizacyjne"},"content":{"rendered":"\n<ol class=\"wp-block-list\"><li>Izba Przyj\u0119\u0107<\/li><li>Blok Operacyjny<\/li><li>Centralna Sterylizatornia<\/li><li>Apteka Zak\u0142adowa<\/li><li>Prosektorium<\/li><li><a href=\"http:\/\/www.szpitalplonsk.pl\/uslugi-szpitalne\/medyczne-laboratorium-diagnostyczne\/\" target=\"_blank\" rel=\"noreferrer noopener\">Medyczne Laboratorium Diagnostyczne<\/a><\/li><\/ol>\n\n\n\n<ul class=\"wp-block-list\"><li>Punkt Pobra\u0144 Materia\u0142u<\/li><li>Punkt Przyj\u0119\u0107 Materia<\/li><li>Pracownia Hematologiczna i Analityczna<\/li><li>Pracownia Biochemiczna i Immunochemiczna<\/li><li>Pracownia Mikrobiologiczna<\/li><li>Pracownia Immunologii Transfuzjologicznej i Bank Krw<\/li><\/ul>\n\n\n\n<p>7. <a href=\"http:\/\/www.szpitalplonsk.pl\/uslugi-szpitalne\/zakladu-diagnostyki-obrazowej\/\" target=\"_blank\" rel=\"noreferrer noopener\">Zak\u0142ad Diagnostyki Obrazowej<\/a><\/p>\n\n\n\n<ul class=\"wp-block-list\"><li>Pracownia RTG I \u2013 Szpital<\/li><li>Pracownia RTG II \u2013 Przychodnia<\/li><li>Pracownia Mammografii<\/li><li>Pracownia USG<\/li><li>Pracownia Tomografii Komputerowej<\/li><\/ul>\n\n\n\n<p>8. Pracownie Diagnostyczne<\/p>\n\n\n\n<ul class=\"wp-block-list\"><li>Pracownia Bada\u0144 Endoskopowych<\/li><li>Pracownia Bada\u0144 Bronchoskopowych<\/li><li>Pracownia Bada\u0144 Kardiologicznych<\/li><li>Pracownia Bada\u0144 Urodynamicznych<\/li><\/ul>\n\n\n\n<p>9.&nbsp;<a href=\"http:\/\/www.szpitalplonsk.pl\/uslugi-szpitalne\/zaklad-opiekunczo-leczniczy\/\" target=\"_blank\" rel=\"noreferrer noopener\">Zak\u0142ad Opieku\u0144czo \u2013 Leczniczy ( 09-100 P\u0142o\u0144sk ul. Ks. Romualda Jaworskiego 3)<\/a><\/p>\n\n\n\n<ul class=\"wp-block-list\"><li>Zak\u0142ad Opieku\u0144czo-Leczniczy \u2013 60 \u0142\u00f3\u017cek<\/li><\/ul>\n\n\n\n<p>10.&nbsp;<a href=\"http:\/\/www.szpitalplonsk.pl\/uslugi-szpitalne\/dzial-pomocy-doraznej\/\" target=\"_blank\" rel=\"noreferrer noopener\">Dzia\u0142 Pomocy Dora\u017anej i Transportu<\/a><\/p>\n\n\n\n<ul class=\"wp-block-list\"><li>Zesp\u00f3\u0142 Wyjazdowy Ratownictwa Medycznego Wypadkowy Podstawowy,<br>09-100 P\u0142o\u0144sk, ul. Sienkiewicza 7<\/li><li>Zesp\u00f3\u0142 Wyjazdowy Ratownictwa Medycznego Reanimacyjny Specjalistyczny,<br>09-100 P\u0142o\u0144sk, ul. Sienkiewicza 7<\/li><li>Zesp\u00f3\u0142 Wyjazdowy Ratownictwa Medycznego Reanimacyjny Podstawowy,<br>09-140 Raci\u0105\u017c, ul. M\u0142awska 15<\/li><li>Zesp\u00f3\u0142 Wyjazdowy Ratownictwa Medycznego Wypadkowy Podstawowy,<br>06-450 Glinojeck, ul. Targowa 6 m. 2<\/li><li>Zesp\u00f3\u0142 Wyjazdowy Ratownictwa Medycznego Wypadkowy Podstawowy,<br>09-120 Nowe Miasto, ul. Apteczna 5<\/li><\/ul>\n\n\n\n<p>&nbsp;11. Zak\u0142ad Rehabilitacji<\/p>\n\n\n\n<ul class=\"wp-block-list\"><li>O\u015brodek Rehabilitacji Dziennej \u2013 liczba miejsc dziennych \u2013 40 miejsc pobytu dziennego<\/li><li>Pracownia Fizjoterapii<\/li><\/ul>\n\n\n\n<div class=\"wp-block-buttons is-layout-flex wp-block-buttons-is-layout-flex\">\n<div class=\"wp-block-button has-custom-width wp-block-button__width-100 is-style-primary\"><a class=\"wp-block-button__link\" href=\"http:\/\/new.szpitalplonsk.pl\/index.php\/bip\/\">Wr\u00f3\u0107<\/a><\/div>\n<\/div>\n\n\n\n<div style=\"height:100px\" aria-hidden=\"true\" class=\"wp-block-spacer\"><\/div>\n","protected":false},"excerpt":{"rendered":"<p>Izba Przyj\u0119\u0107 Blok Operacyjny Centralna Sterylizatornia Apteka Zak\u0142adowa Prosektorium Medyczne Laboratorium Diagnostyczne Punkt Pobra\u0144 Materia\u0142u Punkt Przyj\u0119\u0107 Materia Pracownia Hematologiczna i Analityczna Pracownia Biochemiczna i Immunochemiczna Pracownia Mikrobiologiczna Pracownia Immunologii Transfuzjologicznej i Bank Krw 7. Zak\u0142ad Diagnostyki Obrazowej Pracownia RTG I \u2013 Szpital Pracownia RTG II \u2013 Przychodnia Pracownia Mammografii Pracownia USG Pracownia Tomografii Komputerowej&hellip;&nbsp;<a href=\"http:\/\/new.szpitalplonsk.pl\/index.php\/bip\/zaklady-pracownie-i-inne-komorki-organizacyjne\/\" class=\"\" rel=\"bookmark\">Czytaj dalej &raquo;<span class=\"screen-reader-text\">Zak\u0142ady, pracownie i inne kom\u00f3rki organizacyjne<\/span><\/a><\/p>\n","protected":false},"author":1,"featured_media":0,"parent":1450,"menu_order":0,"comment_status":"closed","ping_status":"closed","template":"","meta":{"neve_meta_sidebar":"","neve_meta_container":"","neve_meta_enable_content_width":"","neve_meta_content_width":0,"neve_meta_title_alignment":"","neve_meta_author_avatar":"","neve_post_elements_order":"","neve_meta_disable_header":"","neve_meta_disable_footer":"","neve_meta_disable_title":"","footnotes":""},"class_list":["post-2015","page","type-page","status-publish","hentry"],"_links":{"self":[{"href":"http:\/\/new.szpitalplonsk.pl\/index.php\/wp-json\/wp\/v2\/pages\/2015","targetHints":{"allow":["GET"]}}],"collection":[{"href":"http:\/\/new.szpitalplonsk.pl\/index.php\/wp-json\/wp\/v2\/pages"}],"about":[{"href":"http:\/\/new.szpitalplonsk.pl\/index.php\/wp-json\/wp\/v2\/types\/page"}],"author":[{"embeddable":true,"href":"http:\/\/new.szpitalplonsk.pl\/index.php\/wp-json\/wp\/v2\/users\/1"}],"replies":[{"embeddable":true,"href":"http:\/\/new.szpitalplonsk.pl\/index.php\/wp-json\/wp\/v2\/comments?post=2015"}],"version-history":[{"count":2,"href":"http:\/\/new.szpitalplonsk.pl\/index.php\/wp-json\/wp\/v2\/pages\/2015\/revisions"}],"predecessor-version":[{"id":2018,"href":"http:\/\/new.szpitalplonsk.pl\/index.php\/wp-json\/wp\/v2\/pages\/2015\/revisions\/2018"}],"up":[{"embeddable":true,"href":"http:\/\/new.szpitalplonsk.pl\/index.php\/wp-json\/wp\/v2\/pages\/1450"}],"wp:attachment":[{"href":"http:\/\/new.szpitalplonsk.pl\/index.php\/wp-json\/wp\/v2\/media?parent=2015"}],"curies":[{"name":"wp","href":"https:\/\/api.w.org\/{rel}","templated":true}]}}