{"id":252,"date":"2022-07-22T08:31:27","date_gmt":"2022-07-22T06:31:27","guid":{"rendered":"http:\/\/127.0.0.1\/wordpress\/?page_id=252"},"modified":"2022-09-16T07:25:10","modified_gmt":"2022-09-16T07:25:10","slug":"oddzial-urazowo-ortopedyczny","status":"publish","type":"page","link":"http:\/\/new.szpitalplonsk.pl\/index.php\/uslugi-szpitalne\/oddzialy\/oddzial-urazowo-ortopedyczny\/","title":{"rendered":"Oddzia\u0142 Urazowo-Ortopedyczny"},"content":{"rendered":"\n<p><strong>\u015awiadczone us\u0142ugi:<\/strong><\/p>\n\n\n\n<ul class=\"wp-block-list\"><li>Zajmujemy si\u0119 alloplastyk\u0105 totaln\u0105 i cz\u0119\u015bciow\u0105, bezcementow\u0105 i cementow\u0105 pierwotn\u0105 i rewizyjn\u0105 staw\u00f3w biodrowych, kolanowych i barkowych. U\u017cywamy system\u00f3w: EcoFit, AJS, IC, Corail Pinnacle, Kar, Riff, Avantage, Regenerex, ACS, Genux X, PFC, Zimmer.<\/li><li>Artroskopia diagnostyczna i lecznicza stawu kolanowego, barkowego, \u0142okciowego i skokowego w tym rekonstrukcja ACL, PCL, obr\u0105bka stawowego i sto\u017cka rotator\u00f3w , plastyki troczk\u00f3w rzepki, plastyka mozaikowa chrz\u0105stki stawowej, szwy biowch\u0142anialne \u0142\u0105kotek.<\/li><li>Osteotomie korekcyjne ( Genus varus, genus valgus, hallux valgus).<\/li><li>Zabiegi ortopedyczne \u201dna tkankach mi\u0119kkich\u201d- w schorzeniach r\u00f3\u017cnych narz\u0105du ruchu (neuroliza n. po\u015brodkowego w zespole cie\u015bni nadgarstka, rekonstrukcje \u015bci\u0119gien w dysfunkcjach pourazowych, usuwanie zmian \u201dguzkowatych\u201d, aponeurectomia w chorobie Dupuyrena itd.)<\/li><li>Repozycje bezkrwawe i krwawe z\u0142ama\u0144 ko\u015bci d\u0142ugich ze stabilizacj\u0105 z u\u017cyciem gwo\u017adzi \u015br\u00f3dszpilkowych ryglowanych, DHS i DCS, A. O., stabilizator\u00f3w zewn\u0119trznych.<\/li><\/ul>\n\n\n\n<p>Oddzia\u0142 wyposa\u017cony jest w 4 sale \u2013wszystkie posiadaj\u0105 niezale\u017cny w\u0119ze\u0142 sanitarny.<\/p>\n\n\n\n<h3 class=\"wp-block-heading\"><strong>Personel:<\/strong><\/h3>\n\n\n\n<p><strong>Koordynator Oddzia\u0142u:<\/strong>&nbsp;Lek. Arkadiusz Garbacki \u2013 specjalista chirurgii urazowej i ortopedii.<\/p>\n\n\n\n<p><strong>Piel\u0119gniarka Oddzia\u0142owa:<\/strong> mgr Edyta Cienkuszewska<\/p>\n\n\n\n<p><strong>Lokalizacja:<\/strong><br>Oddzia\u0142 mie\u015bci si\u0119 na II pi\u0119trze w budynku \u201eC\u201d<\/p>\n\n\n\n<p><strong>Kontakt:<\/strong><br>Sekretariat tel.: 023 661 34 00 wew. 496<br>Gabinet lekarski tel.:&nbsp; 023 661 77 52<\/p>\n\n\n\n<h3 class=\"wp-block-heading\">Pliki do pobrania<\/h3>\n\n\n\n<div class=\"wp-block-file\"><a id=\"wp-block-file--media-06f5485a-6386-416c-b589-6750cf53b0cc\" href=\"http:\/\/127.0.0.1\/wordpress\/wp-content\/uploads\/2022\/07\/Zalacznik-nr-3.docx\">Standar Opieki Piel\u0119gniarskiej w Oddziale Urazowo &#8211; Ortopedycznym<\/a><a href=\"http:\/\/127.0.0.1\/wordpress\/wp-content\/uploads\/2022\/07\/Zalacznik-nr-3.docx\" class=\"wp-block-file__button\" download aria-describedby=\"wp-block-file--media-06f5485a-6386-416c-b589-6750cf53b0cc\">Pobierz<\/a><\/div>\n\n\n\n<div class=\"wp-block-buttons is-layout-flex wp-block-buttons-is-layout-flex\">\n<div class=\"wp-block-button has-custom-width wp-block-button__width-100 is-style-primary\"><a class=\"wp-block-button__link\" href=\"http:\/\/new.szpitalplonsk.pl\/index.php\/uslugi-szpitalne\/oddzialy\/\">Wr\u00f3\u0107<\/a><\/div>\n<\/div>\n\n\n\n<div style=\"height:100px\" aria-hidden=\"true\" class=\"wp-block-spacer\"><\/div>\n","protected":false},"excerpt":{"rendered":"<p>\u015awiadczone us\u0142ugi: Zajmujemy si\u0119 alloplastyk\u0105 totaln\u0105 i cz\u0119\u015bciow\u0105, bezcementow\u0105 i cementow\u0105 pierwotn\u0105 i rewizyjn\u0105 staw\u00f3w biodrowych, kolanowych i barkowych. U\u017cywamy system\u00f3w: EcoFit, AJS, IC, Corail Pinnacle, Kar, Riff, Avantage, Regenerex, ACS, Genux X, PFC, Zimmer. Artroskopia diagnostyczna i lecznicza stawu kolanowego, barkowego, \u0142okciowego i skokowego w tym rekonstrukcja ACL, PCL, obr\u0105bka stawowego i sto\u017cka rotator\u00f3w&hellip;&nbsp;<a href=\"http:\/\/new.szpitalplonsk.pl\/index.php\/uslugi-szpitalne\/oddzialy\/oddzial-urazowo-ortopedyczny\/\" class=\"\" rel=\"bookmark\">Czytaj dalej &raquo;<span class=\"screen-reader-text\">Oddzia\u0142 Urazowo-Ortopedyczny<\/span><\/a><\/p>\n","protected":false},"author":1,"featured_media":0,"parent":227,"menu_order":0,"comment_status":"closed","ping_status":"closed","template":"","meta":{"neve_meta_sidebar":"","neve_meta_container":"","neve_meta_enable_content_width":"","neve_meta_content_width":0,"neve_meta_title_alignment":"","neve_meta_author_avatar":"","neve_post_elements_order":"","neve_meta_disable_header":"","neve_meta_disable_footer":"","neve_meta_disable_title":"","footnotes":""},"class_list":["post-252","page","type-page","status-publish","hentry"],"_links":{"self":[{"href":"http:\/\/new.szpitalplonsk.pl\/index.php\/wp-json\/wp\/v2\/pages\/252","targetHints":{"allow":["GET"]}}],"collection":[{"href":"http:\/\/new.szpitalplonsk.pl\/index.php\/wp-json\/wp\/v2\/pages"}],"about":[{"href":"http:\/\/new.szpitalplonsk.pl\/index.php\/wp-json\/wp\/v2\/types\/page"}],"author":[{"embeddable":true,"href":"http:\/\/new.szpitalplonsk.pl\/index.php\/wp-json\/wp\/v2\/users\/1"}],"replies":[{"embeddable":true,"href":"http:\/\/new.szpitalplonsk.pl\/index.php\/wp-json\/wp\/v2\/comments?post=252"}],"version-history":[{"count":2,"href":"http:\/\/new.szpitalplonsk.pl\/index.php\/wp-json\/wp\/v2\/pages\/252\/revisions"}],"predecessor-version":[{"id":1652,"href":"http:\/\/new.szpitalplonsk.pl\/index.php\/wp-json\/wp\/v2\/pages\/252\/revisions\/1652"}],"up":[{"embeddable":true,"href":"http:\/\/new.szpitalplonsk.pl\/index.php\/wp-json\/wp\/v2\/pages\/227"}],"wp:attachment":[{"href":"http:\/\/new.szpitalplonsk.pl\/index.php\/wp-json\/wp\/v2\/media?parent=252"}],"curies":[{"name":"wp","href":"https:\/\/api.w.org\/{rel}","templated":true}]}}