{"id":278,"date":"2022-07-22T11:21:51","date_gmt":"2022-07-22T09:21:51","guid":{"rendered":"http:\/\/127.0.0.1\/wordpress\/?page_id=278"},"modified":"2022-09-16T07:19:23","modified_gmt":"2022-09-16T07:19:23","slug":"oddzial-ginekologiczno-polozniczy","status":"publish","type":"page","link":"http:\/\/new.szpitalplonsk.pl\/index.php\/uslugi-szpitalne\/oddzialy\/oddzial-ginekologiczno-polozniczy\/","title":{"rendered":"Oddzia\u0142 Ginekologiczno-Po\u0142o\u017cniczy"},"content":{"rendered":"\n<p><strong>Ginekologia<\/strong><\/p>\n\n\n\n<p>Oddzia\u0142 Ginekologiczny wykonuje pe\u0142en zakres operacji ginekologicznych m.in. mi\u0119\u015bniaki macicy, stany przednowotworowe narz\u0105du p\u0142ciowego, guzy przydatk\u00f3w, operacje uroginekologiczne. W ostatnim czasie rozszerzono dzia\u0142alno\u015b\u0107 o operacje wykonywane technik\u0105 endoskopow\u0105 (laparoskopia operacyjna, histeroskopia operacyjna), a tak\u017ce operacje onkologiczne. W leczeniu i rozpoznawaniu chor\u00f3b nowotworowych narz\u0105d\u00f3w kobiecych \u015bci\u015ble wsp\u00f3\u0142pracujemy z Centrum Onkologii w Warszawie. Prowadzimy r\u00f3wnie\u017c diagnostyk\u0119 schorze\u0144 endokrynologicznych, okresu menopauzy, diagnostyka i leczenie niep\u0142odno\u015bci. Poza operacjami zajmujemy si\u0119 te\u017c patologi\u0105 wczesnej ci\u0105\u017cy (w tym poronieniami) i ci\u0105\u017cami powik\u0142anymi chorobami istniej\u0105cymi przed ci\u0105\u017c\u0105, takimi jak: nadci\u015bnienie t\u0119tnicze, astma oskrzelowa, choroby nerek, itp..<\/p>\n\n\n\n<p><strong>Po\u0142o\u017cnictwo i patologia ci\u0105\u017cy<br><\/strong><\/p>\n\n\n\n<p>Oddzia\u0142 Po\u0142o\u017cniczy tutejszego szpitala jest oddzia\u0142em I poziomu referencyjnego. W naszym oddziale naci\u0119cie krocza nie jest zabiegiem rutynowym, wykonujemy je tylko w sytuacjach koniecznych. Ci\u0119cie cesarskie wykonujemy ze wskaza\u0144 medycznych . Propagujemy wczesne uruchamianie pacjentek po ci\u0119ciu (12h) i wczesne \u017cywienie ( picie 2 godziny po ci\u0119ciu cesarskim, posi\u0142ek po 12 godzinach od operacji). Pacjentki typowo opuszczaj\u0105 szpital w trzeciej dobie po porodzie. Hospitalizujemy te\u017c pacjentki z ci\u0105\u017c\u0105 powik\u0142an\u0105 zagra\u017caj\u0105cym porodem przedwczesnym, nadci\u015bnieniem wywo\u0142anym ci\u0105\u017c\u0105, hypotrofi\u0105 p\u0142odu itp.. Oddzia\u0142 dysponuje dwoma nowocze\u015bnie wyposa\u017conymi, pojedynczymi salami porodowymi, posiadaj\u0105cymi w\u0142asny w\u0119ze\u0142 sanitarny oraz sal\u0105 przedporodow\u0105. Oferujemy mo\u017cliwo\u015b\u0107 porod\u00f3w rodzinnych bez op\u0142at i konieczno\u015bci ucz\u0119szczania do szko\u0142y rodzenia. Dla rodz\u0105cych w bloku porodowym dost\u0119pny jest sprz\u0119t pomocniczy (np. worek sako, pi\u0142ka, krzese\u0142ko porodowe, prysznice).<\/p>\n\n\n\n<h3 class=\"wp-block-heading\">Niekorzystne zako\u0144czenie ci\u0105\u017cy<\/h3>\n\n\n\n<p>Pomimo tego \u017ce zawsze bardzo si\u0119 staramy, nie zawsze jeste\u015bmy w stanie pom\u00f3c. Niestety, z r\u00f3\u017cnych przyczyn niekt\u00f3re ci\u0105\u017ce ko\u0144cz\u0105 si\u0119 zbyt wcze\u015bnie aby wsp\u00f3\u0142czesna medycyna mog\u0142a cho\u0107by stara\u0107 si\u0119 uratowa\u0107 dziecko. Inne ci\u0105\u017ce ko\u0144cz\u0105 si\u0119 niepomy\u015blnie pomimo \u017ce nie by\u0142o \u017cadnych oznak zagro\u017cenia p\u0142odu. Takie sytuacje wymagaj\u0105 szczeg\u00f3lnego wsparcia ze strony lekarzy i po\u0142o\u017cnych.&nbsp; Zale\u017cy nam, aby by\u0107 gotowym nie\u015b\u0107 pomoc i ukojenie tak\u017ce w tych trudnych sytuacjach.<\/p>\n\n\n\n<p>Wszystkie kobiety, kt\u00f3re dotkn\u0119\u0142o to smutne do\u015bwiadczenie, a tak\u017ce ich rodziny i bliskich zach\u0119camy do zapoznania si\u0119 z biuletynem przygotowanym przez zesp\u00f3\u0142 ekspercki powo\u0142any przez Wojewod\u0119 Mazowieckiego, Pana Jacka Koz\u0142owskiego.&nbsp; W jego sk\u0142ad tworzyli specjali\u015bci z zakresu po\u0142o\u017cnictwa i ginekologii, ksi\u0105dz-kapelan Szpitala im. Ks. Anny Mazowieckiej w Warszawie i psycholog kliniczny.<\/p>\n\n\n\n<p><strong><a href=\"http:\/\/starynkiewicza.pl\/wp-content\/uploads\/2015\/09\/Informacje-dla-pacjentki.pdf\">Informacje dla pacjentki&nbsp; (biuletyn dzi\u0119ki uprzejmo\u015bci UCZKiN)<\/a><\/strong><\/p>\n\n\n\n<p>Pami\u0119tajcie, \u017ce w naszym szpitalu zawsze znajdziecie&nbsp; wsparcie i zrozumienie! Nie zale\u017cnie od sytuacji \u2013 wczesne poronienie, ci\u0119\u017cka wada genetyczna p\u0142odu czy p\u00f3\u017anej straty ci\u0105\u017cy jeste\u015bmy gotowi Wam pom\u00f3c. W trudnych przypadkach, ka\u017cdego dnia macie do dyspozycji pomoc psychologiczn\u0105 \u2013 Pani\u0105 mgr Marta Kwiatkowska oraz mo\u017cliwo\u015b\u0107 spotkania z naszym ksi\u0119dzem-kapelanem.<\/p>\n\n\n\n<p>Teraz, po wprowadzeniu nowych rekomendacji mamy nadziej\u0119 jeszcze lepiej pomaga\u0107 naszym pacjentkom w dobrych i trudnych chwilach. Oby wi\u0119cej by\u0142o tych dobrych!<\/p>\n\n\n\n<p>Wi\u0119cej informacji znajdziecie Pa\u0144stwo na stronie&nbsp;<strong><a href=\"https:\/\/www.mazowieckie.pl\/pl\/aktualnosci\/komunikaty\/31213,Warszawa-jak-traktowac-pacjentke-po-stracie-ciazy.html\">Mazowieckiego Urz\u0119du Wojew\u00f3dzkiego.<\/a><\/strong><\/p>\n\n\n\n<p>Przy salach porodowych znajduje si\u0119 sala operacyjna. Oddzia\u0142 po\u0142o\u017cniczy zorganizowany jest w systemie \u201erooming-in\u201d (matka z dzieckiem). Od 1995r posiadamy tytu\u0142 \u201dSzpital Przyjazny Dziecku\u201d nadany przez WHO UNICEF.<\/p>\n\n\n\n<p><strong>Odwiedziny odbywaj\u0105 si\u0119 w godzina 12:00 \u2013 19:00.<\/strong><\/p>\n\n\n\n<p>W trosce o bezpiecze\u0144stwo naszych ma\u0142ych pacjent\u00f3w i ich mam odwiedziny w oddziale po\u0142o\u017cniczym s\u0105 nadzorowane i konieczne jest pobranie identyfikatora w szatni g\u0142\u00f3wnej. Konieczne jest zdejmowanie okry\u0107 wierzchnich.<br>Dzi\u0119kujemy za wyrozumia\u0142o\u015b\u0107 i pomoc w realizacji prawid\u0142owej opieki nad pacjentami.<\/p>\n\n\n\n<p>Po wypisie z Oddzia\u0142u Po\u0142o\u017cniczego w razie k\u0142opot\u00f3w karmienia piersi\u0105, ka\u017cda pacjentka mo\u017ce zwr\u00f3ci\u0107 si\u0119 o porad\u0119 do pracownik\u00f3w naszego oddzia\u0142u telefonicznie lub osobi\u015bcie.<strong>Przyj\u0119cie do porodu \u2013 co przysz\u0142a mama powinna ze sob\u0105 zabra\u0107?<\/strong><\/p>\n\n\n\n<h3 class=\"wp-block-heading\">Zg\u0142aszaj\u0105c si\u0119 do porodu przysz\u0142a mama powinna ze sob\u0105 zabra\u0107:<\/h3>\n\n\n\n<p><strong>Dokumenty:<\/strong><\/p>\n\n\n\n<ul class=\"wp-block-list\"><li>Aktualny dow\u00f3d osobisty lub odpis aktu ma\u0142\u017ce\u0144stwa,<\/li><li>Aktualny dow\u00f3d ubezpieczenia,<\/li><li>Karta przebiegu ci\u0105\u017cy + wyniki bada\u0144 (np. grupa krwi, wynik badania USG)<\/li><li>Za\u015bwiadczenie o konsultacjach od lekarzy specjalist\u00f3w (np. kardiologa, endokrynologa, okulisty, neurologa)<\/li><\/ul>\n\n\n\n<p><strong>Rzeczy osobiste:<\/strong><\/p>\n\n\n\n<ul class=\"wp-block-list\"><li>przybory toaletowe,<\/li><li>bielizn\u0119 (koszulka, szlafrok, kapcie),<\/li><li>podpaski (typu Bella),<\/li><li>pampersy dla noworodka (3-6 kg),<\/li><li>chusteczki nawil\u017caj\u0105ce dla noworodka,<\/li><li>woda mineralna niegazowana.<\/li><\/ul>\n\n\n\n<p><strong>Personel:<\/strong><\/p>\n\n\n\n<ul class=\"wp-block-list\"><li>Ordynator: lek. Witold Achci\u0144ski<\/li><li>Starszy asystent lek. Kanu Mathias Akpang<\/li><li>Starszy asystent lek. Ryszard Ko\u0142cz<\/li><li>Starszy asystent lek. Roman Majchrzak<\/li><li>Starszy asystent lek. Micha\u0142 Jaszczur<\/li><li>Asystent lek. Tomasz Niewi\u0144ski<\/li><li>M\u0142odszy asystent lek. Micha\u0142 Gontkiewicz<\/li><li>Po\u0142o\u017cna Oddzia\u0142owa: Urszula Kolczy\u0144ska<\/li><\/ul>\n\n\n\n<p><strong>Lokalizacja:<br><\/strong>Oddzia\u0142 ginekologiczny znajduje si\u0119 na parterze szpitala natomiast oddzia\u0142 po\u0142o\u017cniczy i patologii ci\u0105\u017cy znajduje si\u0119 na I-szym pi\u0119trze szpitala.<\/p>\n\n\n\n<p><strong>Kontakt:<br><\/strong>Centrala tel.: 023 661 34 00<br>Izba Przyj\u0119\u0107 Po\u0142o\u017cnicza wew. 371<br>Sala Porodowa wew. 360<br>Po\u0142o\u017cnictwo wew. 307<br>Ginekologia wew. 312<br>Ordynator Oddzia\u0142u wew. 317<br>Dy\u017curka Lekarska wew. 310<br>Po\u0142o\u017cna Oddzia\u0142owa wew. 380<\/p>\n\n\n\n<div class=\"wp-block-buttons is-layout-flex wp-block-buttons-is-layout-flex\">\n<div class=\"wp-block-button has-custom-width wp-block-button__width-100 is-style-primary\"><a class=\"wp-block-button__link\" href=\"http:\/\/new.szpitalplonsk.pl\/index.php\/uslugi-szpitalne\/oddzialy\/\">Wr\u00f3\u0107<\/a><\/div>\n<\/div>\n\n\n\n<div style=\"height:100px\" aria-hidden=\"true\" class=\"wp-block-spacer\"><\/div>\n","protected":false},"excerpt":{"rendered":"<p>Ginekologia Oddzia\u0142 Ginekologiczny wykonuje pe\u0142en zakres operacji ginekologicznych m.in. mi\u0119\u015bniaki macicy, stany przednowotworowe narz\u0105du p\u0142ciowego, guzy przydatk\u00f3w, operacje uroginekologiczne. W ostatnim czasie rozszerzono dzia\u0142alno\u015b\u0107 o operacje wykonywane technik\u0105 endoskopow\u0105 (laparoskopia operacyjna, histeroskopia operacyjna), a tak\u017ce operacje onkologiczne. W leczeniu i rozpoznawaniu chor\u00f3b nowotworowych narz\u0105d\u00f3w kobiecych \u015bci\u015ble wsp\u00f3\u0142pracujemy z Centrum Onkologii w Warszawie. Prowadzimy r\u00f3wnie\u017c diagnostyk\u0119&hellip;&nbsp;<a href=\"http:\/\/new.szpitalplonsk.pl\/index.php\/uslugi-szpitalne\/oddzialy\/oddzial-ginekologiczno-polozniczy\/\" class=\"\" rel=\"bookmark\">Czytaj dalej &raquo;<span class=\"screen-reader-text\">Oddzia\u0142 Ginekologiczno-Po\u0142o\u017cniczy<\/span><\/a><\/p>\n","protected":false},"author":1,"featured_media":0,"parent":227,"menu_order":0,"comment_status":"closed","ping_status":"closed","template":"","meta":{"neve_meta_sidebar":"","neve_meta_container":"","neve_meta_enable_content_width":"","neve_meta_content_width":0,"neve_meta_title_alignment":"","neve_meta_author_avatar":"","neve_post_elements_order":"","neve_meta_disable_header":"","neve_meta_disable_footer":"","neve_meta_disable_title":"","footnotes":""},"class_list":["post-278","page","type-page","status-publish","hentry"],"_links":{"self":[{"href":"http:\/\/new.szpitalplonsk.pl\/index.php\/wp-json\/wp\/v2\/pages\/278","targetHints":{"allow":["GET"]}}],"collection":[{"href":"http:\/\/new.szpitalplonsk.pl\/index.php\/wp-json\/wp\/v2\/pages"}],"about":[{"href":"http:\/\/new.szpitalplonsk.pl\/index.php\/wp-json\/wp\/v2\/types\/page"}],"author":[{"embeddable":true,"href":"http:\/\/new.szpitalplonsk.pl\/index.php\/wp-json\/wp\/v2\/users\/1"}],"replies":[{"embeddable":true,"href":"http:\/\/new.szpitalplonsk.pl\/index.php\/wp-json\/wp\/v2\/comments?post=278"}],"version-history":[{"count":2,"href":"http:\/\/new.szpitalplonsk.pl\/index.php\/wp-json\/wp\/v2\/pages\/278\/revisions"}],"predecessor-version":[{"id":1645,"href":"http:\/\/new.szpitalplonsk.pl\/index.php\/wp-json\/wp\/v2\/pages\/278\/revisions\/1645"}],"up":[{"embeddable":true,"href":"http:\/\/new.szpitalplonsk.pl\/index.php\/wp-json\/wp\/v2\/pages\/227"}],"wp:attachment":[{"href":"http:\/\/new.szpitalplonsk.pl\/index.php\/wp-json\/wp\/v2\/media?parent=278"}],"curies":[{"name":"wp","href":"https:\/\/api.w.org\/{rel}","templated":true}]}}