{"id":293,"date":"2022-07-22T11:28:47","date_gmt":"2022-07-22T09:28:47","guid":{"rendered":"http:\/\/127.0.0.1\/wordpress\/?page_id=293"},"modified":"2022-09-16T07:24:12","modified_gmt":"2022-09-16T07:24:12","slug":"oddzial-rehabilitacyjny","status":"publish","type":"page","link":"http:\/\/new.szpitalplonsk.pl\/index.php\/uslugi-szpitalne\/oddzialy\/oddzial-rehabilitacyjny\/","title":{"rendered":"Oddzia\u0142 Rehabilitacyjny"},"content":{"rendered":"\n<p>Oddzia\u0142 Rehabilitacji SPZZOZ w P\u0142o\u0144sku powsta\u0142 w 2001 roku. Prowadzimy kompleksowa rehabilitacj\u0119 pacjent\u00f3w ze schorzeniami narz\u0105du ruchu oraz rehabilitacj\u0119 neurologiczn\u0105. . Przy oddziale istnieje O\u015brodek Rehabilitacji Dziennej.<\/p>\n\n\n\n<p>Nasza baza zabiegowa obejmuje pe\u0142en zakres: elektroterapii, \u015bwiat\u0142olecznictwo oraz ciep\u0142olecznictwo. Kinezyterapia dla pacjent\u00f3w oddzia\u0142u jest prowadzona dwa razy dziennie w dniach od poniedzia\u0142ku do pi\u0105tku, natomiast w sobot\u0119 raz dziennie. Przyjmujemy pacjent\u00f3w z innych oddzia\u0142\u00f3w szpitalnych: do wczesnej rehabilitacji neurologicznej oraz po operacjach ortopedycznych, a tak\u017ce chorych kierowanych przez poradnie specjalistyczne. Pacjentami opiekuje si\u0119 zesp\u00f3\u0142 sk\u0142adaj\u0105cy si\u0119 z 5 lekarzy, w tym 2 osoby ze specjalizacj\u0105 rehabilitacji medycznej II stopnia . Na oddziale pracuje 13 terapeutek w tym dwie z tytu\u0142em magistra. Mamy zapewnione konsultacje specjalistyczne neurologa i neurochirurga oraz wsp\u00f3\u0142prac\u0119 z logoped\u0105 i psychologiem.<\/p>\n\n\n\n<h3 class=\"wp-block-heading\"><strong>Personel:<\/strong><\/h3>\n\n\n\n<p><strong>p.o. Ordynatora:<\/strong>&nbsp;lek. Jacek Szymo\u0144ski \u2013 specjalista rehabilitacji medycznej<br><strong>Piel\u0119gniarka Oddzia\u0142owa:<\/strong>&nbsp;mgr. piel\u0119gniarstwa Gra\u017cyna Kipich<\/p>\n\n\n\n<p><strong>Lokalizacja:<br><\/strong>Oddzia\u0142 znajduje si\u0119 poza budynkiem g\u0142\u00f3wnym szpitala (od wjazdu po lewej stronie)<\/p>\n\n\n\n<p><strong>Kontakt:<br><\/strong>Centrala tel.: 023 661 34 00<br>Dy\u017curka lekarska wew. 352<br>Dy\u017curka piel\u0119gniarek wew. 355<br>Sekretariat wew. 410<\/p>\n\n\n\n<div class=\"wp-block-buttons is-layout-flex wp-block-buttons-is-layout-flex\">\n<div class=\"wp-block-button has-custom-width wp-block-button__width-100 is-style-primary\"><a class=\"wp-block-button__link\" href=\"http:\/\/new.szpitalplonsk.pl\/index.php\/uslugi-szpitalne\/oddzialy\/\">Wr\u00f3\u0107<\/a><\/div>\n<\/div>\n\n\n\n<div style=\"height:100px\" aria-hidden=\"true\" class=\"wp-block-spacer\"><\/div>\n","protected":false},"excerpt":{"rendered":"<p>Oddzia\u0142 Rehabilitacji SPZZOZ w P\u0142o\u0144sku powsta\u0142 w 2001 roku. Prowadzimy kompleksowa rehabilitacj\u0119 pacjent\u00f3w ze schorzeniami narz\u0105du ruchu oraz rehabilitacj\u0119 neurologiczn\u0105. . Przy oddziale istnieje O\u015brodek Rehabilitacji Dziennej. Nasza baza zabiegowa obejmuje pe\u0142en zakres: elektroterapii, \u015bwiat\u0142olecznictwo oraz ciep\u0142olecznictwo. Kinezyterapia dla pacjent\u00f3w oddzia\u0142u jest prowadzona dwa razy dziennie w dniach od poniedzia\u0142ku do pi\u0105tku, natomiast w sobot\u0119&hellip;&nbsp;<a href=\"http:\/\/new.szpitalplonsk.pl\/index.php\/uslugi-szpitalne\/oddzialy\/oddzial-rehabilitacyjny\/\" class=\"\" rel=\"bookmark\">Czytaj dalej &raquo;<span class=\"screen-reader-text\">Oddzia\u0142 Rehabilitacyjny<\/span><\/a><\/p>\n","protected":false},"author":1,"featured_media":0,"parent":227,"menu_order":0,"comment_status":"closed","ping_status":"closed","template":"","meta":{"neve_meta_sidebar":"","neve_meta_container":"","neve_meta_enable_content_width":"","neve_meta_content_width":0,"neve_meta_title_alignment":"","neve_meta_author_avatar":"","neve_post_elements_order":"","neve_meta_disable_header":"","neve_meta_disable_footer":"","neve_meta_disable_title":"","footnotes":""},"class_list":["post-293","page","type-page","status-publish","hentry"],"_links":{"self":[{"href":"http:\/\/new.szpitalplonsk.pl\/index.php\/wp-json\/wp\/v2\/pages\/293","targetHints":{"allow":["GET"]}}],"collection":[{"href":"http:\/\/new.szpitalplonsk.pl\/index.php\/wp-json\/wp\/v2\/pages"}],"about":[{"href":"http:\/\/new.szpitalplonsk.pl\/index.php\/wp-json\/wp\/v2\/types\/page"}],"author":[{"embeddable":true,"href":"http:\/\/new.szpitalplonsk.pl\/index.php\/wp-json\/wp\/v2\/users\/1"}],"replies":[{"embeddable":true,"href":"http:\/\/new.szpitalplonsk.pl\/index.php\/wp-json\/wp\/v2\/comments?post=293"}],"version-history":[{"count":2,"href":"http:\/\/new.szpitalplonsk.pl\/index.php\/wp-json\/wp\/v2\/pages\/293\/revisions"}],"predecessor-version":[{"id":1650,"href":"http:\/\/new.szpitalplonsk.pl\/index.php\/wp-json\/wp\/v2\/pages\/293\/revisions\/1650"}],"up":[{"embeddable":true,"href":"http:\/\/new.szpitalplonsk.pl\/index.php\/wp-json\/wp\/v2\/pages\/227"}],"wp:attachment":[{"href":"http:\/\/new.szpitalplonsk.pl\/index.php\/wp-json\/wp\/v2\/media?parent=293"}],"curies":[{"name":"wp","href":"https:\/\/api.w.org\/{rel}","templated":true}]}}